7779 is divided by 682.
641
Calculate the remainder when 53693806 is divided by 2352.
2350
What is the remainder when 54797 is divided by 1713?
1694
Calculate the remainder when 305123 is divided by 718.
691
Calculate the remainder when 34545432 is divided by 154.
152
What is the remainder when 12429 is divided by 3122?
3063
What is the remainder when 35583704 is divided by 1051?
1048
What is the remainder when 1827064 is divided by 684?
100
Calculate the remainder when 321978 is divided by 320973.
1005
What is the remainder when 1203314 is divided by 76?
6
What is the remainder when 40299402 is divided by 3663581?
11
What is the remainder when 46334 is divided by 1084?
806
Calculate the remainder when 193935 is divided by 47590.
3575
Calculate the remainder when 118300 is divided by 5633.
7
Calculate the remainder when 1283057 is divided by 681.
53
What is the remainder when 45609 is divided by 3039?
24
What is the remainder when 46791763 is divided by 36329?
11
What is the remainder when 19347 is divided by 4456?
1523
Calculate the remainder when 16839 is divided by 5596.
51
Calculate the remainder when 8249653 is divided by 1346.
19
What is the remainder when 783615 is divided by 13988?
287
Calculate the remainder when 3395934 is divided by 26.
22
What is the remainder when 33162 is divided by 6626?
32
Calculate the remainder when 4615 is divided by 3891.
724
Calculate the remainder when 9145590 is divided by 9064.
14
Calculate the remainder when 614140 is divided by 12281.
90
Calculate the remainder when 108541 is divided by 8725.
3841
Calculate the remainder when 18217 is divided by 8940.
337
What is the remainder when 23021 is divided by 10819?
1383
Calculate the remainder when 3349631 is divided by 128.
127
Calculate the remainder when 265290 is divided by 660.
630
What is the remainder when 171754 is divided by 2690?
2284
Calculate the remainder when 7372253 is divided by 156856.
21
Calculate the remainder when 124069174 is divided by 2024.
2022
Calculate the remainder when 64690 is divided by 12856.
410
Calculate the remainder when 1713577 is divided by 4841.
4704
Calculate the remainder when 16379 is divided by 3181.
474
What is the remainder when 192267841 is divided by 48066958?
9
What is the remainder when 2500317 is divided by 51?
42
What is the remainder when 229580 is divided by 4697?
4124
Calculate the remainder when 221679 is divided by 680.
679
Calculate the remainder when 2756807 is divided by 121.
64
What is the remainder when 4831522 is divided by 82?
0
Calculate the remainder when 8226946 is divided by 72.
10
What is the remainder when 111836691 is divided by 19049?
12
Calculate the remainder when 262270 is divided by 261809.
461
Calculate the remainder when 2369252 is divided by 4470.
152
Calculate the remainder when 35192795 is divided by 25.
20
What is the remainder when 579415 is divided by 115869?
70
Calculate the remainder when 1378561021 is divided by 1827.
1825
What is the remainder when 212270379 is divided by 18?
15
What is the remainder when 958223 is divided by 9978?
335
What is the remainder when 46674327 is divided by 8?
7
Calculate the remainder when 582347 is divided by 291160.
27
Calculate the remainder when 94528725 is divided by 56.
53
Calculate the remainder when 84627 is divided by 1943.
1078
What is the remainder when 97811 is divided by 1446?
929
Calculate the remainder when 36810130 is divided by 3354.
3334
Calculate the remainder when 2788 is divided by 1149.
490
Calculate the remainder when 134117727 is divided by 30.
27
What is the remainder when 1048909 is divided by 1048400?
509
Calculate the remainder when 3946 is divided by 369.
256
What is the remainder when 297869 is divided by 111?
56
What is the remainder when 1162767 is divided by 433?
162
What is the remainder when 6037966 is divided by 13?
12
What is the remainder when 4729412 is divided by 429945?
17
What is the remainder when 431139 is divided by 141369?
7032
Calculate the remainder when 1424008893 is divided by 944.
941
Calculate the remainder when 14775 is divided by 14058.
717
What is the remainder when 537875 is divided by 23?
20
Calculate the remainder when 34998 is divided by 366.
228
Calculate the remainder when 26018 is divided by 6349.
622
What is the remainder when 62899442 is divided by 269?
248
What is the remainder when 487958 is divided by 6262?
5784
Calculate the remainder when 6598076 is divided by 193.
178
What is the remainder when 57974379 is divided by 28987188?
3
What is the remainder when 2890520 is divided by 78?
74
What is the remainder when 1771238 is divided by 160945?
843
Calculate the remainder when 2790860 is divided by 2596.
160
What is the remainder when 13527362 is divided by 37576?
2
What is the remainder when 941476 is divided by 15434?
2
Calculate the remainder when 42281 is divided by 995.
491
Calculate the remainder when 1791632 is divided by 597207.
11
Calculate the remainder when 6389163 is divided by 2129711.
30
What is the remainder when 231426 is divided by 116?
6
Calculate the remainder when 1439086 is divided by 75741.
7
What is the remainder when 56735 is divided by 1352?
1303
What is the remainder when 1220514 is divided by 2041?
2037
Calculate the remainder when 2653685 is divided by 1436.
1393
What is the remainder when 110747632 is divided by 318?
316
Calculate the remainder when 3763753 is divided by 13490.
43
Calculate the remainder when 5057806 is divided by 10648.
6
Calculate the remainder when 515231 is divided by 251.
179
Calculate the remainder when 21554887 is divided by 1019.
999
What is the remainder when 9781971 is divided by 1016?
939
What is the remainder when 37109044 is divided by 110?
104
What is the remainder when 233915027 is divided by 99?
5
What is the remainder when 889345 is divided by 458?
367
What is the remainder when 240531 is divided by 59909?
895
Calculate the remainder when 120908 is divided by 2951.
2868
What is the remainder when 176397 is divided by 2181?
1917
What is the remainder when 3925097 is divided by 50?
47
Calculate the remainder when 72209338 is divided by 3.
1
What is the remainder when 15888689 is divided by 639?
593
Calculate the remainder when 66535 is divided by 69.
19
What is the remainder when 6192046 is divided by 646?
136
Calculate the remainder when 432694 is divided by 111.
16
What is the remainder when 91529 is divided by 30497?
38
Calculate the remainder when 6595222 is divided by 29.
13
What is the remainder when 770853 is divided by 1606?
1579
Calculate the remainder when 675534 is divided by 37.
25
Calculate the remainder when 455013 is divided by 457.
298
Calculate the remainder when 72398204 is divided by 14857.
43
What is the remainder when 144077 is divided by 3429?
59
Calculate the remainder when 5890280 is divided by 5890184.
96
Calculate the remainder when 298067343 is divided by 305.
298
Calculate the remainder when 83068 is divided by 20735.
128
Calculate the remainder when 131336 is divided by 255.
11
Calculate the remainder when 102422 is divided by 1968.
86
Calculate the remainder when 54093 is divided by 1589.
67
Calculate the remainder when 17403 is divided by 20.
3
Calculate the remainder when 892342055 is divided by 12.
11
Calculate the remainder when 33529611 is divided by 74.
63
What is the remainder when 43169022 is divided by 38?
34
What is the remainder when 148975924 is divided by 79?
15
Calculate the remainder when 2805538 is divided by 1674.
1588
Calculate the remainder when 10835915 is divided by 402.
5
What is the remainder when 71413369 is divided by 65?
14
What is the remainder when 28563 is divided by 9375?
438
Calculate the remainder when 402377 is divided by 161.
38
What is the remainder when 808637 is divided by 3516?
3473
What is the remainder when 190874444 is divided by 54?
50
What is the remainder when 2086049 is divided by 471?
461
Calculate the remainder when 1193990 is divided by 1067.
17
What is the remainder when 123711 is divided by 61690?
331
Calculate the remainder when 725095136 is divided by 12.
8
What is the remainder when 1545735 is divided by 135?
120
What is the remainder when 62518023 is divided by 4852?
3
Calculate the remainder when 84362 is divided by 28119.
5
What is 